h(u) = 2*u + 10 + u - 3*u + u. Let d be h(-9). Let j = -4 - -7. Calculate the greatest common divisor of d and j.
1
Let b(f) = -2*f**2 - 14*f + 4. Let u be b(-6). What is the highest common factor of u and 2?
2
Let i(y) = -17*y + 5*y - 9*y - 2. Let z be i(-2). Let v = -12 + z. What is the highest common factor of 14 and v?
14
Let v = 20 - 15. Suppose -2*r - 5*n + 27 = -8*n, 5*r - 80 = -v*n. What is the greatest common divisor of r and 45?
15
Let q be (20/(-6))/(1/(-15)). What is the greatest common divisor of 25 and q?
25
Let z(q) = -3*q - 2. Suppose 5*f + 5*p = -30, -f = f + 5*p + 21. Let u be z(f). Let r = 68 + -33. Calculate the greatest common factor of r and u.
7
Let x be 12/5 + (-4)/10. Let q(w) = -w + 7. Let g be q(4). Suppose 31 = g*f - d, 5*f + 3*d - 31 - x = 0. What is the highest common divisor of f and 63?
9
Let y be (10/(-4))/(1/(-2)). Let b be 93/y + (-10)/(-25). Suppose 4*n = 73 + b. What is the highest common divisor of 23 and n?
23
Let g(k) = k**3 - 5*k**2 - 7*k + 8. Let b be g(6). Calculate the greatest common divisor of 18 and b.
2
Let i be (-2 - -1)/(1/(-4)). Suppose -18 = -y - 4*q, 3*q + 93 = i*y - 2*q. What is the greatest common divisor of y and 198?
22
Let i = 5 - 4. Let n be (((-12)/(-4))/i)/1. Calculate the highest common divisor of 21 and n.
3
Let i(j) = -j - 16. Let o be i(-9). Let a = 7 - o. What is the greatest common factor of 2 and a?
2
Let t(d) = -6*d - 7. Let c be t(-6). What is the greatest common divisor of 145 and c?
29
Suppose -5*z - 4*v = -57, 0 = -4*z - 2*v + 19 + 29. Let i be (1183/39)/(1 - 2/3). Calculate the highest common factor of i and z.
13
Suppose -3*o = 5*t - 6, 0*o + 16 = 4*o + 4*t. Let s = 3 - -1. Suppose -s*m - x = -3, -5*x = 3*m + m + 1. Calculate the highest common divisor of o and m.
1
Suppose 2*y = -4*r + 3*y - 2, r - 4*y + 8 = 0. Suppose 6 = -3*d, -95 = -i - r*i + 5*d. Calculate the highest common divisor of i and 34.
17
Let j(a) = -a + 6. Let s(z) = -3*z + 2. Let w be s(4). Let r be j(w). What is the highest common factor of r and 40?
8
Suppose -20 = -5*l, -o - 4*o - 2*l = -23. Suppose 3 - 24 = -o*q - 5*u, 2*q + 5 = 3*u. Let r = 4 - q. What is the greatest common factor of 4 and r?
2
Let y(s) = -4*s**2 + 0*s**2 + 4*s**2 - 3*s + s**2. Let f be y(8). What is the highest common factor of f and 60?
20
Let q = 24 - -101. Let c = -69 + q. What is the highest common factor of c and 14?
14
Let x be 3 - 4*3/6. Suppose -5*s + 272 = 4*u, 2*u + 59 + x = s. Calculate the greatest common factor of s and 14.
14
Suppose -m + 62 - 9 = y, 5*y = -3*m + 161. Let g = -3 - -5. Let p be (g - 4) + 3 - -12. What is the greatest common factor of p and m?
13
Let z(a) = a**3 - 13*a**2 + 2*a - 11. Let q be z(13). Let j(i) = 2*i**3 - 4*i**2 + 2*i + 2. Let h be j(2). Calculate the greatest common factor of h and q.
3
Suppose 4*s - 31 - 29 = 0. Calculate the greatest common divisor of s and 10.
5
Let d(l) = l**3 - 19*l**2 + 2*l - 14. Let p be d(19). Calculate the greatest common factor of 120 and p.
24
Let h(o) = -3*o - 2. Let t be h(-2). Suppose -g + 18 = 1. Let c = 33 - g. What is the greatest common factor of c and t?
4
Suppose 3*a = 5*a - 10. Suppose a*c - 817 - 383 = 0. Calculate the greatest common factor of c and 30.
30
Suppose -b + 42 = l - 23, -2*b + 262 = 4*l. What is the highest common divisor of 6 and l?
6
Let p(n) = n**2 + 5*n - 10. Let t be p(-7). Let m = -1 - -1. Suppose -k + m*k = -t. Calculate the highest common divisor of k and 16.
4
Suppose 12 = -0*d + 3*d. Suppose -t + 3*p = 2*t - 120, -160 = -d*t - 4*p. Calculate the greatest common divisor of 20 and t.
20
Let j be -3 - 5/((-10)/4). Let y be (-6 - -7) + 1/j. Suppose 2*n - 2*g - 8 = y, 2*n = -4*g + 12 + 20. Calculate the highest common divisor of 64 and n.
8
Let y(c) = 19*c + 5. Let t be y(4). What is the greatest common divisor of t and 9?
9
Suppose 18*c = 3725 - 575. Calculate the highest common factor of c and 35.
35
Let d = 48 - 36. What is the greatest common factor of d and 4?
4
Suppose 4*i - 184 = 2*q, 3*i - 170 = -i - 5*q. Calculate the greatest common divisor of i and 15.
15
Suppose 3*k = -o + 1, -4*o - 4*k = o - 38. Suppose -3*x - 200 = 358. Let m be 6/15 - x/o. Calculate the greatest common divisor of m and 133.
19
Suppose 0*s + s + 2*r - 12 = 0, 4*s - 13 = -r. Suppose 5 = -s*z - 5*b, -5*z - b = -25 - 20. What is the greatest common factor of 5 and z?
5
Let j be 4 - (-1 + (0 - 0)). Calculate the highest common divisor of 10 and j.
5
Let h(n) = 10*n**2 + 2*n + 1. Let j be h(-1). Suppose 3*o - 4*m - 263 = 0, -5*m + 33 = 3*o - 185. What is the highest common factor of o and j?
9
Suppose -7*x + 2*r = -3*x - 22, -r = -3*x + 15. What is the highest common divisor of x and 10?
2
Suppose -w + 6*w + 5 = 4*x, 0 = 2*x - 2*w - 2. Suppose -5*i + 200 = p, p + 3*p = x. What is the highest common divisor of i and 10?
10
Let i(y) = -6*y + 83. Let l be i(-10). What is the greatest common divisor of l and 13?
13
Suppose -3*j + 555 = z, 3 + 7 = 2*j. Suppose 2*n - 5*n = -z. Suppose -4*x = -2*x - n. What is the greatest common factor of x and 10?
10
Suppose -3*n - 12 = -9*n. Calculate the greatest common factor of 8 and n.
2
Let c be 0 + (-38)/2*(-15 - -14). Calculate the highest common factor of 152 and c.
19
Let y be 336/10*(-20)/(-3). Calculate the greatest common divisor of y and 32.
32
Suppose p - 6*p = 5*v - 10, 0 = -3*v + 5*p + 38. Calculate the greatest common divisor of 15 and v.
3
Let x be 252/((3 - 7)/(-4)). Calculate the greatest common factor of 36 and x.
36
Let d be (-215)/(-6) - 15/(-90). What is the highest common factor of d and 12?
12
Suppose 0 = -3*r + 61 + 56. Suppose -j + 89 = -r. What is the greatest common factor of 16 and j?
16
Let q be 2*-2 + (-3)/(24/(-128)). Calculate the greatest common divisor of q and 24.
12
Let s(o) = 5*o**3 - o. Let b(v) = -v**3 + 5*v**2 - 4*v + 1. Let m be b(4). Let a be s(m). Let y = 91 - 47. What is the highest common factor of a and y?
4
Suppose 0 = 3*j + 4*k - 10 - 3, -4*j - 5*k = -17. Calculate the greatest common divisor of 33 and j.
3
Suppose 107 = p - 181. Calculate the greatest common divisor of 36 and p.
36
Let h(a) = -a**2 - 14*a - 29. Let i be h(-9). What is the highest common factor of i and 16?
16
Suppose -12 = -4*a - 0, 165 = 5*c + 5*a. What is the highest common divisor of c and 480?
30
Let t = -157 + 230. Suppose -5*l - 8 + t = 0. What is the greatest common factor of 104 and l?
13
Let k(j) = 4 + 8 - 4 - 9*j - j**2. Let m be k(-7). What is the greatest common factor of 55 and m?
11
Let x be (1/(-2)*-7)/(2/28). Calculate the highest common factor of x and 7.
7
Let r = 63 + -18. Let c(k) = k**2 + 4*k - 7. Let t be c(-6). Calculate the highest common factor of t and r.
5
Let u(c) = c**2 + c + 4. Suppose 5*h + 16 = -4. Let r be u(h). What is the greatest common factor of 16 and r?
16
Suppose 3*i = 5*n - 6, -5*n = 4*i + 5 + 3. Let u be (0 + i)*6*-1. Suppose 3*k - 42 + u = 0. Calculate the highest common factor of k and 5.
5
Let k(n) = -3*n - 1. Let x be k(1). Let z be x/18 - 44/(-36). Calculate the highest common divisor of z and 1.
1
Suppose -8*z + 17 = -7*z. Calculate the greatest common divisor of 136 and z.
17
Let v(l) be the first derivative of l**4/4 - l**3 - l - 3. Let d be v(4). What is the highest common factor of 105 and d?
15
Suppose 8*k = 13*k - 180. Suppose -3*w + w - 2 = 0. Let g be (12 - 0)/(w - -2). Calculate the highest common divisor of g and k.
12
Suppose -4*k = -2*x - k + 17, -12 = -2*x + 2*k. Let y = -1 - x. Let f be 5 - y/((-4)/(-6)). Calculate the greatest common factor of f and 64.
8
Let h be -2 + -7 + 3 + 3 + 53. What is the greatest common factor of 125 and h?
25
Let d(g) = -g**3 - 8*g**2 + 5*g. Let z be d(-9). Calculate the greatest common factor of 9 and z.
9
Suppose -6*d + 40 = -4*d. What is the highest common factor of d and 20?
20
Suppose -9*y = -126 - 54. What is the highest common factor of y and 10?
10
Let r(c) = c + 1. Let k be r(11). What is the highest common divisor of k and 60?
12
Let y = 6 + -10. Suppose -33 = -5*p + 2. Let i = p + y. Calculate the highest common divisor of i and 27.
3
Let k = 7 - -48. What is the highest common divisor of 22 and k?
11
Let t(p) be the second derivative of -p**3/3 + p**2 - 2*p. Let l be t(-2). Suppose d + 45 = l*d. What i